{"id":94,"date":"2024-09-30T20:50:22","date_gmt":"2024-09-30T20:50:22","guid":{"rendered":"https:\/\/enviexpress.ec\/?page_id=94"},"modified":"2025-07-24T16:22:26","modified_gmt":"2025-07-24T16:22:26","slug":"carga-mediana","status":"publish","type":"page","link":"https:\/\/enviexpress.ec\/?page_id=94","title":{"rendered":"Delivery motorizado"},"content":{"rendered":"\t\t<div data-elementor-type=\"wp-page\" data-elementor-id=\"94\" class=\"elementor elementor-94\" data-elementor-post-type=\"page\">\n\t\t\t\t<div class=\"elementor-element elementor-element-3c90d0c e-flex e-con-boxed e-con e-parent\" data-id=\"3c90d0c\" data-element_type=\"container\">\n\t\t\t\t\t<div class=\"e-con-inner\">\n\t\t\t\t<div class=\"elementor-element elementor-element-b849677 elementor-widget-divider--view-line elementor-widget elementor-widget-divider\" data-id=\"b849677\" data-element_type=\"widget\" data-widget_type=\"divider.default\">\n\t\t\t\t<div class=\"elementor-widget-container\">\n\t\t\t\t\t\t\t<div class=\"elementor-divider\">\n\t\t\t<span class=\"elementor-divider-separator\">\n\t\t\t\t\t\t<\/span>\n\t\t<\/div>\n\t\t\t\t\t\t<\/div>\n\t\t\t\t<\/div>\n\t\t\t\t\t<\/div>\n\t\t\t\t<\/div>\n\t\t<div class=\"elementor-element elementor-element-5ab01e5 e-flex e-con-boxed e-con e-parent\" data-id=\"5ab01e5\" data-element_type=\"container\">\n\t\t\t\t\t<div class=\"e-con-inner\">\n\t\t<div class=\"elementor-element elementor-element-4212fa5 e-con-full e-flex e-con e-child\" data-id=\"4212fa5\" data-element_type=\"container\">\n\t\t\t\t<div class=\"elementor-element elementor-element-a7735e3 elementor-widget elementor-widget-image\" data-id=\"a7735e3\" data-element_type=\"widget\" data-widget_type=\"image.default\">\n\t\t\t\t<div class=\"elementor-widget-container\">\n\t\t\t\t\t\t\t\t\t\t\t\t\t\t\t<img fetchpriority=\"high\" decoding=\"async\" width=\"1920\" height=\"1080\" src=\"https:\/\/enviexpress.ec\/wp-content\/uploads\/2025\/07\/Motorizados.png\" class=\"attachment-full size-full wp-image-2117\" alt=\"\" srcset=\"https:\/\/enviexpress.ec\/wp-content\/uploads\/2025\/07\/Motorizados.png 1920w, https:\/\/enviexpress.ec\/wp-content\/uploads\/2025\/07\/Motorizados-300x169.png 300w, https:\/\/enviexpress.ec\/wp-content\/uploads\/2025\/07\/Motorizados-1024x576.png 1024w, https:\/\/enviexpress.ec\/wp-content\/uploads\/2025\/07\/Motorizados-768x432.png 768w, https:\/\/enviexpress.ec\/wp-content\/uploads\/2025\/07\/Motorizados-1536x864.png 1536w\" sizes=\"(max-width: 1920px) 100vw, 1920px\" \/>\t\t\t\t\t\t\t\t\t\t\t\t\t\t\t<\/div>\n\t\t\t\t<\/div>\n\t\t\t\t<\/div>\n\t\t<div class=\"elementor-element elementor-element-199b420 e-con-full e-flex e-con e-child\" data-id=\"199b420\" data-element_type=\"container\">\n\t\t\t\t<div class=\"elementor-element elementor-element-e9c1e69 elementor-widget__width-initial elementor-widget elementor-widget-image\" data-id=\"e9c1e69\" data-element_type=\"widget\" data-widget_type=\"image.default\">\n\t\t\t\t<div class=\"elementor-widget-container\">\n\t\t\t\t\t\t\t\t\t\t\t\t\t\t\t<img decoding=\"async\" width=\"1000\" height=\"181\" src=\"https:\/\/enviexpress.ec\/wp-content\/uploads\/2025\/07\/para-fondos-claros-2.png\" class=\"attachment-full size-full wp-image-2101\" alt=\"\" srcset=\"https:\/\/enviexpress.ec\/wp-content\/uploads\/2025\/07\/para-fondos-claros-2.png 1000w, https:\/\/enviexpress.ec\/wp-content\/uploads\/2025\/07\/para-fondos-claros-2-300x54.png 300w, https:\/\/enviexpress.ec\/wp-content\/uploads\/2025\/07\/para-fondos-claros-2-768x139.png 768w\" sizes=\"(max-width: 1000px) 100vw, 1000px\" \/>\t\t\t\t\t\t\t\t\t\t\t\t\t\t\t<\/div>\n\t\t\t\t<\/div>\n\t\t\t\t<div class=\"elementor-element elementor-element-fbf52db elementor-widget elementor-widget-heading\" data-id=\"fbf52db\" data-element_type=\"widget\" data-widget_type=\"heading.default\">\n\t\t\t\t<div class=\"elementor-widget-container\">\n\t\t\t\t\t<h2 class=\"elementor-heading-title elementor-size-default\">DELIVERY CON<\/h2>\t\t\t\t<\/div>\n\t\t\t\t<\/div>\n\t\t\t\t<div class=\"elementor-element elementor-element-73e5719 elementor-widget elementor-widget-heading\" data-id=\"73e5719\" data-element_type=\"widget\" data-widget_type=\"heading.default\">\n\t\t\t\t<div class=\"elementor-widget-container\">\n\t\t\t\t\t<h2 class=\"elementor-heading-title elementor-size-default\">MOTORIZADOS<\/h2>\t\t\t\t<\/div>\n\t\t\t\t<\/div>\n\t\t\t\t<div class=\"elementor-element elementor-element-b416367 elementor-widget elementor-widget-text-editor\" data-id=\"b416367\" data-element_type=\"widget\" data-widget_type=\"text-editor.default\">\n\t\t\t\t<div class=\"elementor-widget-container\">\n\t\t\t\t\t\t\t\t\t<p style=\"text-align: right;\">Nuestro <strong><span style=\"color: #ff6600;\">servicio de delivery con motorizados<\/span><\/strong> ofrece a empresas una soluci\u00f3n personalizada y eficiente para la entrega directa a sus clientes. Desde entregas de comida hasta documentos, y productos varios.<\/p><p style=\"text-align: right;\">Nos especializamos en brindar una experiencia de entrega que cumpla con<span style=\"color: #ff6600;\"><strong> los m\u00e1s altos est\u00e1ndares de calidad<\/strong><\/span>, asegurando la satisfacci\u00f3n del cliente final gracias a un seguimiento monitoreado de cada env\u00edo.<\/p>\t\t\t\t\t\t\t\t<\/div>\n\t\t\t\t<\/div>\n\t\t\t\t<\/div>\n\t\t\t\t\t<\/div>\n\t\t\t\t<\/div>\n\t\t<div class=\"elementor-element elementor-element-90372bd e-flex e-con-boxed e-con e-parent\" data-id=\"90372bd\" data-element_type=\"container\">\n\t\t\t\t\t<div class=\"e-con-inner\">\n\t\t\t\t<div class=\"elementor-element elementor-element-5e5b396 elementor-absolute elementor-widget elementor-widget-image\" data-id=\"5e5b396\" data-element_type=\"widget\" data-settings=\"{&quot;_position&quot;:&quot;absolute&quot;}\" data-widget_type=\"image.default\">\n\t\t\t\t<div class=\"elementor-widget-container\">\n\t\t\t\t\t\t\t\t\t\t\t\t\t\t\t<img decoding=\"async\" width=\"1920\" height=\"1080\" src=\"https:\/\/enviexpress.ec\/wp-content\/uploads\/2024\/10\/10.png\" class=\"attachment-full size-full wp-image-1168\" alt=\"\" srcset=\"https:\/\/enviexpress.ec\/wp-content\/uploads\/2024\/10\/10.png 1920w, https:\/\/enviexpress.ec\/wp-content\/uploads\/2024\/10\/10-300x169.png 300w, https:\/\/enviexpress.ec\/wp-content\/uploads\/2024\/10\/10-1024x576.png 1024w, https:\/\/enviexpress.ec\/wp-content\/uploads\/2024\/10\/10-768x432.png 768w, https:\/\/enviexpress.ec\/wp-content\/uploads\/2024\/10\/10-1536x864.png 1536w\" sizes=\"(max-width: 1920px) 100vw, 1920px\" \/>\t\t\t\t\t\t\t\t\t\t\t\t\t\t\t<\/div>\n\t\t\t\t<\/div>\n\t\t\t\t\t<\/div>\n\t\t\t\t<\/div>\n\t\t<div class=\"elementor-element elementor-element-61c6a92 e-flex e-con-boxed e-con e-parent\" data-id=\"61c6a92\" data-element_type=\"container\">\n\t\t\t\t\t<div class=\"e-con-inner\">\n\t\t\t\t<div class=\"elementor-element elementor-element-9c34388 elementor-widget-divider--view-line elementor-widget elementor-widget-divider\" data-id=\"9c34388\" data-element_type=\"widget\" data-widget_type=\"divider.default\">\n\t\t\t\t<div class=\"elementor-widget-container\">\n\t\t\t\t\t\t\t<div class=\"elementor-divider\">\n\t\t\t<span class=\"elementor-divider-separator\">\n\t\t\t\t\t\t<\/span>\n\t\t<\/div>\n\t\t\t\t\t\t<\/div>\n\t\t\t\t<\/div>\n\t\t\t\t\t<\/div>\n\t\t\t\t<\/div>\n\t\t<div class=\"elementor-element elementor-element-e64a724 e-flex e-con-boxed e-con e-parent\" data-id=\"e64a724\" data-element_type=\"container\">\n\t\t\t\t\t<div class=\"e-con-inner\">\n\t\t\t\t<div class=\"elementor-element elementor-element-3d5b3b0 elementor-widget-divider--view-line elementor-widget elementor-widget-divider\" data-id=\"3d5b3b0\" data-element_type=\"widget\" data-widget_type=\"divider.default\">\n\t\t\t\t<div class=\"elementor-widget-container\">\n\t\t\t\t\t\t\t<div class=\"elementor-divider\">\n\t\t\t<span class=\"elementor-divider-separator\">\n\t\t\t\t\t\t<\/span>\n\t\t<\/div>\n\t\t\t\t\t\t<\/div>\n\t\t\t\t<\/div>\n\t\t\t\t\t<\/div>\n\t\t\t\t<\/div>\n\t\t\t\t<\/div>\n\t\t","protected":false},"excerpt":{"rendered":"<p>DELIVERY CON MOTORIZADOS Nuestro servicio de delivery con motorizados ofrece a empresas una soluci\u00f3n personalizada y eficiente para la entrega directa a sus clientes. Desde entregas de comida hasta documentos, y productos varios. Nos especializamos en brindar una experiencia de entrega que cumpla con los m\u00e1s altos est\u00e1ndares de calidad, asegurando la satisfacci\u00f3n del cliente [&hellip;]<\/p>\n","protected":false},"author":1,"featured_media":0,"parent":0,"menu_order":0,"comment_status":"closed","ping_status":"closed","template":"","meta":{"footnotes":""},"class_list":["post-94","page","type-page","status-publish","hentry"],"_links":{"self":[{"href":"https:\/\/enviexpress.ec\/index.php?rest_route=\/wp\/v2\/pages\/94","targetHints":{"allow":["GET"]}}],"collection":[{"href":"https:\/\/enviexpress.ec\/index.php?rest_route=\/wp\/v2\/pages"}],"about":[{"href":"https:\/\/enviexpress.ec\/index.php?rest_route=\/wp\/v2\/types\/page"}],"author":[{"embeddable":true,"href":"https:\/\/enviexpress.ec\/index.php?rest_route=\/wp\/v2\/users\/1"}],"replies":[{"embeddable":true,"href":"https:\/\/enviexpress.ec\/index.php?rest_route=%2Fwp%2Fv2%2Fcomments&post=94"}],"version-history":[{"count":173,"href":"https:\/\/enviexpress.ec\/index.php?rest_route=\/wp\/v2\/pages\/94\/revisions"}],"predecessor-version":[{"id":2120,"href":"https:\/\/enviexpress.ec\/index.php?rest_route=\/wp\/v2\/pages\/94\/revisions\/2120"}],"wp:attachment":[{"href":"https:\/\/enviexpress.ec\/index.php?rest_route=%2Fwp%2Fv2%2Fmedia&parent=94"}],"curies":[{"name":"wp","href":"https:\/\/api.w.org\/{rel}","templated":true}]}}